+ s. Let z be d(-1). Suppose z*v - 5*o = 210, 2*v + 76 = 4*v + 2*o. List the prime factors of v.
2, 5
Suppose -56 = -4*f + 52. What are the prime factors of f?
3
Let d be 8/36 + (-140)/(-18). Let t = d - -10. What are the prime factors of t?
2, 3
Suppose 0 = -s + 3*s, 136 = 4*c + 2*s. What are the prime factors of c?
2, 17
Let z = 14 - 19. Let l = z + 12. What are the prime factors of l?
7
Let l(g) = -2*g**2 - g - 1. Let o be l(-1). Let j be o/7 - 6/(-21). Suppose j = -0*c + 2*c - 20. What are the prime factors of c?
2, 5
Suppose -22 + 6 = -4*i. Let t = i + -3. What are the prime factors of 1/t*(-15)/(-5)?
3
Let c = -8 - -66. Suppose 0 = -3*p + 5*x + c, -4*p + 59 = -0*p - 3*x. What are the prime factors of p?
11
Let s(t) = -t**3 + 4*t**2 - t + 3. Let u be s(4). Let n be u + -7 + -2 + 1. List the prime factors of (n/5)/((-9)/30).
2, 3
Let y(q) = 0*q**3 + q**3 + 0*q + 9*q**2 + 6 - 3 - q. List the prime factors of y(-9).
2, 3
Suppose 2 + 2 = h. Let x(t) = 40*t + 1. Let k be x(1). Suppose 3*n + 3*d = 51, -d - 4*d = -h*n + k. What are the prime factors of n?
2, 7
What are the prime factors of (3 - (-6)/(-9))*(-132)/(-2)?
2, 7, 11
Suppose -5*o = -3*r - 9, 6*o = 5*r + 3*o - 1. Suppose m - r = -0. Suppose k - m*k = -8. List the prime factors of k.
2
Let i = 148 + -122. What are the prime factors of i?
2, 13
Let i = -2 - -7. Let n(w) = -w**3 + 6*w**2 + 8*w - 3. Let b be n(7). Suppose -b*y = i*g - 53, 5*y - g = 4*g + 55. List the prime factors of y.
2, 3
Suppose 0 = 3*z - 7 - 11. What are the prime factors of (-1 + z)*(-6)/(-2)?
3, 5
Let k = -56 - -113. What are the prime factors of k?
3, 19
Suppose 4*m = -x - 30, -4*m + 9*m + 42 = x. Let q = m + 11. What are the prime factors of 35/q - (-6)/(-9)?
11
Let u be 1 - 2/(2/15). Let k = -10 - u. Let w(m) = m**2 - 5*m + 6. List the prime factors of w(k).
2
Suppose l - 272 = -3*l. List the prime factors of l.
2, 17
Suppose -n - 4*y = -19, -3*n + 5*y - 19 = -4*n. List the prime factors of n.
19
Suppose -5*n + 2*k = 3*k + 120, -4*k = -20. Let p = n - -42. List the prime factors of p.
17
Let s be (3*4 - 2) + -3. Suppose -s*g = -3*g - 52. List the prime factors of g.
13
Suppose 0*t = 2*t - 44. Suppose f + f = t. What are the prime factors of f?
11
Let v = -26 + 59. Let z = 48 - v. What are the prime factors of z?
3, 5
Let d be (-8)/(-20) + (-6)/(-10). List the prime factors of (d/(-1))/((-2)/12).
2, 3
Let x = -6 + 4. Let m be 8*3*(-1)/x. What are the prime factors of (-3)/m - (-26)/8?
3
Let l = 251 + -177. What are the prime factors of l?
2, 37
Let t(f) = 2*f - 11. Let c be t(8). Let i(j) = j**3 - 4*j**2 - 4*j + 1. List the prime factors of i(c).
2, 3
Suppose -t = -0*w - 2*w + 2, 3*w = 2*t + 2. Let f be 9 + (2 - 4/1). What are the prime factors of -1*(-2)/w*f?
7
Let c = 7 + -3. Suppose 2*l - 94 = -5*q, -q + 25 + 7 = -c*l. Suppose d - q = -3*d. List the prime factors of d.
5
Let q(v) = -v**2 + 13*v + 5. What are the prime factors of q(11)?
3
What are the prime factors of ((-1)/1 + -3)*121/(-2)?
2, 11
Suppose -3*w - 18 = -0*w. Let p = w - 0. Let q(a) = -a + 3. What are the prime factors of q(p)?
3
Let n(z) = z**3 - 2*z**2 - 3*z + 2. Let c be n(3). Suppose 0*k + 10 = c*k. What are the prime factors of k?
5
Suppose -t - 4*r + 49 - 18 = 0, 0 = -4*t - r + 94. Let f(m) = -t - 8*m + m**3 - m**2 + 7*m**2 + 33. What are the prime factors of f(-7)?
17
Let h(n) = n**2 + 10. Let k be h(0). Let a = k - 6. Suppose 0 = -5*y - 4*x + 21, a*y = 2*x - 0*x + 22. List the prime factors of y.
5
Suppose 2*o = -4*q - 24, -7*q = -3*q + 5*o + 12. Let u = q + 29. List the prime factors of u.
3, 7
Suppose -x + o - 7 = -2*x, 3*x - 22 = -4*o. Suppose 3*r + 35 = 2*a, 65 = 4*a - 0*a - 5*r. Let y = a - x. List the prime factors of y.
2
Let x(f) = -f**2 - 8*f. Let a be x(-6). Let m be -3*2/(a/130). What are the prime factors of (-3)/(-2) - m/10?
2
Let u(c) = -c**3 - 7*c**2 + 16*c - 7. What are the prime factors of u(-9)?
11
Let w(h) = h + 125. What are the prime factors of w(0)?
5
Let v(j) = 14*j**2 + 16*j - 2. List the prime factors of v(4).
2, 11, 13
Suppose -4 = p - 3. Let v(x) = 0*x**2 - 3*x**2 + 5*x**2 + 11*x**2. List the prime factors of v(p).
13
Let f be (-1 - -7)/(6/4). Suppose -5*v + 5 = 0, f*d - 2*d - 3 = 3*v. Suppose -z - y + 7 = 0, -d*y = -3*z - 2*y + 41. What are the prime factors of z?
2, 3
Let i be 4/6*3 - 4. List the prime factors of (-4 - (i + 0)) + 6.
2
Suppose 4*g = -3*z + 17, 0 = -4*g + 4*z + z + 25. Suppose 0 = -g*f + 351 - 26. Suppose 9*j - 4*j = f. List the prime factors of j.
13
Suppose 16 = 2*y + 4. Suppose -2*t + 14 = y. Suppose -t*b + 7 + 5 = 0. List the prime factors of b.
3
Let w = -10 - -14. Suppose -w*c - 3*i + 26 = 0, 2*i = 1 + 3. Suppose -20 = -5*j - c. List the prime factors of j.
3
Let d(g) = 16*g**2 + g - 1. Let p be d(1). Suppose u - 23 = p. Suppose -3*q + 5*q + 3*b - 11 = 0, 4*b = 5*q - u. List the prime factors of q.
7
Suppose -12*r + 13*r - 15 = 0. Suppose 26 = d - 2*j, 0*d + d - 12 = -5*j. Let h = d - r. What are the prime factors of h?
7
Suppose 10*u - 288 = 6*u. What are the prime factors of u?
2, 3
What are the prime factors of ((-10)/(-25))/((-1)/(-220))?
2, 11
Let k(c) = 10*c + 33. What are the prime factors of k(0)?
3, 11
Suppose -2*s = 2*z - 4, 2*z + 36 - 5 = 5*s. Let r = z + 10. List the prime factors of r.
7
Let k(q) = q**3 + 2. Let t be ((-9)/(-12))/(2/(-48)). Let z be (-6)/24 - t/8. What are the prime factors of k(z)?
2, 5
Let l(m) = -8*m + 6. Let h(y) = -4*y + 3. Let a(r) = 5*h(r) - 2*l(r). What are the prime factors of a(-3)?
3, 5
Let o(z) = -z**3 + 9*z**2 + 5*z + 6. Let t be o(9). Let s = t - 29. List the prime factors of s.
2, 11
Let p(z) = -4*z + 3. What are the prime factors of p(0)?
3
Let x = 2 - 0. What are the prime factors of ((-1)/x)/((-1)/10)?
5
Suppose 32 = 3*d - 994. List the prime factors of d.
2, 3, 19
Suppose -4*a = -d + 2*d + 31, 5*d - 37 = 4*a. Let r(h) = h**2 + 6*h - 6. What are the prime factors of r(a)?
2, 5
Suppose 9*c - 11*c + 8 = 0. Let z(n) = -n**3 + 4*n**2 + 5*n - 2. List the prime factors of z(c).
2, 3
Suppose -4*i + 9*i - 65 = 0. Suppose -3*a + 6*a = -2*u - i, -6 = 2*a. Let g = u - -8. What are the prime factors of g?
2, 3
Let b = -3 - -7. Suppose 0 = -b*t - 0*t + 8. What are the prime factors of 7 - (0 + (t - 2))?
7
Suppose 8 = -i + 5*i. List the prime factors of i.
2
Suppose -4*k + 9*k = i + 620, 0 = 5*k + 3*i - 600. What are the prime factors of k?
3, 41
Suppose -2*v = 2 + 6. Let p be (12/(-9))/(v/6). Suppose 9 + 15 = p*k. List the prime factors of k.
2, 3
Let y(w) be the second derivative of w**3/6 - 3*w**2/2 + w. Let a be y(6). Suppose a = i - 0. What are the prime factors of i?
3
Suppose -2*n = -2*v + 26, -2*v = -5*n + 4*n - 15. Let j = 6 - n. Suppose x - j = -7. List the prime factors of x.
2, 5
Let i(y) = 3*y + y + 1 + 3*y - 3*y + y**2. Let g be i(-3). What are the prime factors of ((-6)/(-3))/(g/(-4))?
2
Let y(n) = n**3 - n**2 + 2*n + 81. List the prime factors of y(0).
3
Let l(k) = -k**2 + 3*k + 2. Let f be l(3). Suppose -f*h + 0 = y - 2, 3*h = -4*y - 7. What are the prime factors of (1 - 0/h)*5?
5
Let v = 43 + 36. List the prime factors of v.
79
Let b(f) = 5*f**2 - 9*f + 5. Let l(p) = -11*p**2 + 19*p - 11. Let n(z) = 13*b(z) + 6*l(z). Let u be n(-2). List the prime factors of 11 + u*-2 + 1.
2, 5
Suppose -49 - 206 = -5*i. What are the prime factors of i?
3, 17
Let x(r) = -r**3 - 5*r**2 + 7*r + 11. Let z be x(-5). Let s be 7*6/(-7)*-6. Let w = s + z. What are the prime factors of w?
2, 3
Let q(y) = 2*y - 13. What are the prime factors of q(23)?
3, 11
Suppose 2*z - 280 = -0*z. Suppose 3*x = -2*x + z. List the prime factors of x.
2, 7
Let m be 1*-7 - (2 - 3). What are the prime factors of (39/m)/(1/(-2))?
13
Let n be (-4)/(-8) - (-30)/4. Suppose 3*l - 7 = n. Suppose 3*t - 2*j = 50, t - l*j + 13 - 47 = 0. List the prime factors of t.
2, 7
Let v(n) = n**3 + 20*n**2 - n + 41. What are the prime factors of v(-20)?
61
List the prime factors of (-4 + -75)*(2 - 3).
79
Let z = 13 + 18. Let k = -19 + z. What are the prime factors of k?
2, 3
Suppose -5*s - z + 31 = 0, 6*z = -s + 3*z + 9. Let l = s - 3. List the prime factors of (1 + l)/(2/4).
2
Suppose 6 + 2 = 2*v. Let h = 9 - v. Suppose 2*k - 5*k - 3*x = -3, -4*x = h*k - 9. What are the prime factors of k?
5
Suppose 